5)/(-49) + (-2)/7. Let b(f) = -5*f**3 + 4*f**2 - f - 1. Let j be b(-2). Calculate the greatest common factor of z and j.
19
Let x(h) = -1. Let d(g) = g**2 + 16*g + 39. Let u(n) = d(n) + 4*x(n). Let a be u(-15). Calculate the greatest common divisor of a and 8.
4
Let u(l) = 20*l - 35. Let x be u(3). Calculate the highest common factor of 25 and x.
25
Let b(o) = -27*o + 395. Let n be b(11). Calculate the greatest common divisor of n and 112.
14
Suppose 0 = -n - 4*n + 2600. Let f = n + -311. What is the highest common divisor of f and 19?
19
Let i be (-138)/483 - 480/(-14). What is the highest common factor of 578 and i?
34
Let s = -52 + 49. Let m be (s - -1)/((-19)/209). What is the highest common factor of m and 88?
22
Let r(t) = -t**2 - 7*t + 8. Let f be r(-7). Let u(m) = m**2 - 6*m - 2. Let c be u(f). Calculate the greatest common divisor of c and 2.
2
Let k(j) = 18*j + 1086. Let s be k(-60). Let b = -17 - -35. What is the greatest common factor of b and s?
6
Let r = -87 - -129. Calculate the greatest common divisor of 6 and r.
6
Let b = 1251 - 1044. What is the highest common divisor of 36 and b?
9
Suppose -4*n = -2*n - 8. Let k = 359 + -347. Calculate the greatest common divisor of k and n.
4
Suppose 2*i - 324 = 3*w, 4*i + w - 519 = 129. Calculate the highest common factor of i and 9.
9
Let y = -2575 - -2780. Calculate the greatest common divisor of 82 and y.
41
Let a = 12 - 21. Let x be a/3*(-2)/(-6). Let i be ((-6)/12)/(x/308). Calculate the greatest common divisor of i and 22.
22
Let m = -126 + 183. Let c = m + -19. Calculate the greatest common divisor of c and 76.
38
Suppose 0 = 5*t + 5*l + 145, 0 = 3*l - 0*l - 9. Let s = -23 - t. What is the greatest common factor of s and 81?
9
Let x be (-4)/18 - (-600)/27. Let g = x + -22. Let y be (-1)/(g + (-2)/384). What is the greatest common divisor of 24 and y?
24
Suppose 8*o - 484 = 4*o - 4*d, o + 2*d = 123. What is the greatest common divisor of 34 and o?
17
Let h be (2 + 1)*4*(-6)/36. Let j(k) be the first derivative of -3*k**2 - 5*k - 1. Let y be j(h). What is the greatest common factor of 35 and y?
7
Suppose 31*o = 7*o + 192. What is the highest common factor of o and 664?
8
Suppose 0*o + 5*o + 5*m + 145 = 0, -3*o + 5*m - 63 = 0. Let t = o - -44. Let c = -759 + 761. Calculate the highest common factor of c and t.
2
Let r = -5 + 9. Let d be 4/(-10) + r/10. Let h be d + -2 + (-64)/(-2). What is the greatest common factor of h and 75?
15
Suppose -435 = 469*v - 498*v. Calculate the greatest common factor of 115 and v.
5
Let d be (-56)/(-35) + (-2)/(-5). Suppose 3 = d*k - 7. Suppose k*w - 8 = -2*v, -4*w + 40 = 3*v + v. Calculate the highest common divisor of 56 and v.
14
Let i = 30 - 42. Let l be (-72)/i*(-1 - -2). Calculate the highest common factor of l and 18.
6
Let m = 182 + -169. Calculate the highest common divisor of 65 and m.
13
Suppose -2*y + n - 30 = 0, -3*y - 2*n - 45 = 2*n. Let h = y + 20. What is the highest common factor of 15 and h?
5
Let s be 4/(-8) + 5 + 123/2. Suppose -2*y + 6*b = 2*b - 36, -3*y + 5*b = -56. What is the highest common factor of y and s?
22
Suppose -11*t + 2926 = -0*t. Calculate the greatest common divisor of t and 14.
14
Let v = -31 + 63. Let m = v + -30. Suppose 6*b - m*b = 84. What is the highest common factor of 14 and b?
7
Suppose 5*z = 4*z - 4. Let b = z + 6. Suppose -2*l - 17 = -3*l + 2*m, 0 = b*l + 4*m - 18. Calculate the greatest common divisor of 91 and l.
13
Let t = 10 + -16. Let q be t/8 - 115/(-20). Calculate the highest common divisor of q and 15.
5
Let q(o) = -5*o**3 - 4*o**2 - 6*o - 7. Suppose -d = 2*d + 12. Let a be q(d). What is the highest common divisor of 39 and a?
39
Suppose -10 - 37 = 2*q + 5*x, 3*x - 133 = 4*q. Let b = q - -47. Let k = 39 - b. Calculate the highest common divisor of k and 92.
23
Suppose -4*x + 1616 = -1288. Let s = x - 385. Suppose 4*r - 449 = -2*c + c, s = 3*r + 5*c. Calculate the greatest common divisor of r and 14.
14
Let l(p) = p**3 - 6*p**2 + 2*p - 5. Let w be l(6). Suppose 2*h = w + 1. Suppose 104 = -h*j + 260. Calculate the highest common divisor of 13 and j.
13
Let k(t) = -28*t + 10. Let i be k(-4). Let u = i - 82. What is the highest common divisor of u and 8?
8
Suppose 6*q - 16*q = 0. Suppose 10 = 2*t - 0*h + 3*h, q = -3*h + 6. Let s(y) = 15*y**3 + y. Let c be s(1). What is the highest common divisor of c and t?
2
Let s(v) = 3*v - 1. Suppose 5*n = 4*r - 6, 0*n + 2*n - 1 = 5*r. Let p be 15/60*(r + 5). Let l be s(p). Calculate the highest common divisor of 16 and l.
2
Suppose 0 = 13*s - 2091 - 2628. What is the highest common divisor of 33 and s?
33
Let d be (1 - (-1)/(-2)) + (-20)/(-8). Suppose -4*h + 2*k = d*k - 91, -5*k + 71 = 4*h. What is the highest common factor of 8 and h?
8
Let j = -1120 - -1145. What is the highest common factor of j and 725?
25
Let d(u) = -u**3 + 6*u**2 - 3*u + 3. Let g be d(5). Let m be (-3)/15 - (-59)/(-5). Let n be (-156)/(1*m/8). Calculate the highest common factor of g and n.
13
Suppose -12 = s + 5. Let i = 17 + s. Let z(d) = d + 12. Let a be z(i). What is the highest common factor of a and 84?
12
Suppose -708 = -4*i + 5*g + 1410, i - g = 530. What is the greatest common divisor of i and 665?
133
Suppose -5*b + 4*a = 50, -4 = 5*b + 5*a + 1. Let x be 15 + 3/b*-2. Let n be (1*2)/(x - 14). Calculate the highest common divisor of 1 and n.
1
Suppose 54 = 5*f - 66. Let b = -82 - -142. Calculate the highest common divisor of f and b.
12
Suppose 24 = u - 4*c, 2*u - 12 = -0*u - c. Let v = 45 + -59. Let f be u/(-28) - 508/v. What is the highest common divisor of 12 and f?
12
Suppose 4*w - 72 = -2*q, 8*w - 9*w = -2*q - 23. What is the highest common divisor of 95 and w?
19
Suppose 4*f - 3*i - 46 = -f, 0 = -4*f - 5*i + 59. Suppose -c = -0*c - 2. Suppose c*q + 22 = 3*q. What is the greatest common divisor of f and q?
11
Let f(a) be the first derivative of a**3/3 - 2*a**2 + 4*a + 2. Let j be 17/4 - 2*(-15)/40. Let u be f(j). What is the highest common factor of 63 and u?
9
Let a = 38 + -29. Let k(b) = -5*b**2 + a*b**2 - 23 - b - 2*b**2. Let x be k(12). What is the greatest common factor of 23 and x?
23
Let c = 1400 + -1272. What is the greatest common divisor of c and 8?
8
Let o = -8 + 15. What is the highest common divisor of 63 and o?
7
Suppose 4*c + 24 = -5*v, 3 = -c - 4*v - 3. Let f = -3 - -3. Let x be c/((f - 1)/1). Calculate the highest common divisor of 12 and x.
6
Suppose 296*x - 50 = 295*x. Calculate the highest common factor of 10 and x.
10
Suppose -15 = 5*n + 5*h, n - 6*n = 4*h + 14. Let o be n - 0 - (-16 - 6). Suppose -2*m = -o - 40. Calculate the greatest common divisor of 12 and m.
6
Suppose -3*t + 99 = -0*t. Suppose -13 = 4*z - t. Suppose p + 2*b + 0*b - 20 = 0, 5*p - z*b = 25. Calculate the greatest common divisor of 2 and p.
2
Suppose 0 = t - 0*o + 4*o - 35, -2*t + 55 = 3*o. What is the highest common factor of t and 23?
23
Let n be 12 + -6 + 2 + -6. What is the highest common factor of n and 6?
2
Suppose -2*i = -2*m - 4*i + 12, -3*i + 4 = -4*m. Let p be (-2 - (-4 + m)) + 2. What is the greatest common divisor of p and 4?
2
Suppose 0 = 7*q + 1425 + 332. Let s = -166 - q. Let k = s + -25. Calculate the highest common factor of 12 and k.
12
Let s(p) = p**2 - 20*p - 53. Let u be s(22). Suppose 4*c = -0*c + 108. Let r = c + u. Calculate the highest common divisor of 27 and r.
9
Let v(i) = i**3 + 4*i**2 - 4*i + 3. Let d be v(-3). Let b(k) = 13*k**2 + 2*k. Let q be b(4). What is the highest common factor of d and q?
24
Suppose -422 + 695 = d. Calculate the greatest common divisor of d and 39.
39
Suppose 0 = -63*g + 17*g + 828. Suppose 3*k + 0 + 3 = 0. Let i be 27 - ((-2 - -3) + k). Calculate the greatest common divisor of g and i.
9
Suppose 0 = -3*s - 4*w + 5*w + 43, 4*s + 4*w = 52. Calculate the highest common factor of 42 and s.
14
Let x = 37 + -18. Let g be (-1)/(-4)*31*(x + -3). What is the highest common divisor of g and 31?
31
Suppose 0 = -31*b + 31768 - 6968. Calculate the highest common factor of 8 and b.
8
Let p = 6 - -49. Suppose d + 5*t + 31 = -d, t - p = 3*d. Let n = d + 28. What is the greatest common divisor of n and 40?
10
Suppose 56*n - 17082 = 5094. Calculate the greatest common divisor of 99 and n.
99
Suppose 9*l + 181 - 334 = 0. Calculate the highest common fa